test common factor of l and 56.
7
Suppose 25*d - 11 - 114 = 0. Calculate the highest common factor of d and 265.
5
Let q = 355 - 175. What is the highest common factor of 18 and q?
18
Suppose 485 = 13*r - 789. Calculate the greatest common divisor of r and 28.
14
Suppose 4*l - 8 - 56 = 0. Let f(v) = -v**3 - 3*v**2 + 5*v + 8. Let q be f(-4). What is the greatest common factor of l and q?
4
Let y(v) = 2*v**2 - v - 64. Let n be y(19). What is the highest common divisor of 142 and n?
71
Let a be (-1294 - -6)/(-7) - (2 - 3). Calculate the greatest common factor of a and 74.
37
Let u = -965 - -1085. What is the highest common factor of 315 and u?
15
Suppose 4*i + 3 - 11 = 0. Let w be (38 - (-2 - -2)) + i. Suppose -21*y = -4*y - 170. What is the highest common divisor of y and w?
10
Let l(i) = i**3 - 11*i**2 + 12*i - 19. Let q be l(10). Let y be (7/7)/1 + (q - -118). What is the greatest common factor of 30 and y?
30
Let s = 1240 + -816. Calculate the greatest common factor of s and 8.
8
Let d(c) = -95*c - 2. Let w be d(-3). Suppose 0 = -8*g + 261 + w. Calculate the highest common divisor of g and 4.
4
Let k = 36 + -29. Let g be ((-18)/(-21))/(k/49). Calculate the highest common factor of 9 and g.
3
Let o = -11 + 17. Let u be -37*3/6*-2. Suppose -u = -5*b + 38. What is the highest common factor of o and b?
3
Suppose 0 = -5*y - 20, 3*a - y - 2*y - 75 = 0. Let r be 171/a - (-1)/(-7). What is the highest common factor of r and 72?
8
Suppose 23*i - 54 = 21*i. Suppose -3*k + i + 0 = 3*v, -20 = -2*k - 3*v. What is the greatest common divisor of k and 14?
7
Let i(u) = u**2 - 9. Let q be i(6). Let v be 15 - (-4*4/(-16) + -4). Calculate the highest common factor of q and v.
9
Suppose 74 = h + 21. Suppose -5*w = -25, 2*w = -5*d + 7 + h. Let b be (3 + 253/(-99))/((-2)/(-9)). Calculate the highest common divisor of d and b.
2
Let n be 0*((-2)/5 + (-7)/70). Suppose 13 = q - n. What is the greatest common factor of q and 52?
13
Suppose x + 4 = 2*x. Let d = -189 - -199. What is the greatest common divisor of d and x?
2
Let q = -135 + 201. Suppose -220 = 6*c - 16*c. What is the highest common divisor of c and q?
22
Let a be ((-2)/(-6))/((-3)/(-9)). Let j = 6 - a. Suppose -358 = -j*p + 302. What is the greatest common divisor of 12 and p?
12
Let k = 14 - 5. Suppose 2*j = 5*j - 4*f + 7, -4*f + 8 = -4*j. Let w be 528/8 + j + -2. Calculate the greatest common factor of k and w.
9
Suppose -9*i + 12968 = 2*l, 13*i - 5772 = 9*i - 3*l. What is the highest common divisor of i and 320?
160
Suppose 10*z - 65 = -3*z. Suppose 8*f - 7*f - z*h = 10, 3*f + 3*h = 30. What is the greatest common factor of 30 and f?
10
Let x(v) = 6*v**3 - 4*v**2 - 16*v - 30. Let t be x(6). Calculate the highest common factor of 108 and t.
54
Let r be -274*3*(-2)/6. Suppose -2*n = -5*n + 5*u + r, 0 = -4*n - 2*u + 374. What is the greatest common factor of n and 62?
31
Let i(l) = -66*l + 2. Let o be i(-1). Calculate the greatest common factor of o and 102.
34
Let g be (80/(-25))/((-2)/610). Calculate the highest common factor of g and 16.
16
Let j be (-12)/42 - 4/(-14). Suppose 2*f - 13*f + 110 = j. Let q = -91 - -201. What is the greatest common divisor of f and q?
10
Let j(l) = -30*l**3 - l**2 - 2*l - 1. Let o be j(-1). Let t = -6 - -16. What is the greatest common factor of t and o?
10
Let k(p) = 41*p**2 - 278*p + 8. Let a be k(8). What is the greatest common divisor of a and 120?
24
Let x(m) = -m**3 - 9*m**2 - 11*m - 4. Let o be x(-9). What is the highest common factor of o and 19?
19
Let h(a) = 42*a**2 + 5*a + 9. Let t be h(-2). What is the highest common factor of t and 1?
1
Let h(w) = 21*w - 93. Let y be h(8). Calculate the greatest common factor of y and 30.
15
Let y be (1/(-3))/(2/1182). Let t = y - -597. Suppose 0 = -4*b - b + t. What is the highest common factor of b and 32?
16
Suppose -2*p - 17 + 21 = 0. What is the greatest common divisor of p and 9?
1
Let x(i) = -153*i + 179. Let p be x(-5). Calculate the greatest common factor of 177 and p.
59
Suppose n + 4*n = -4*i + 34, 0 = -2*i + 2*n + 26. Suppose -54 = -m + 4*j - i, 0 = 4*j + 16. What is the greatest common divisor of m and 81?
27
Suppose j = -d + 134, -3*j - 17*d + 12*d + 398 = 0. What is the greatest common divisor of j and 8?
8
Let x be (-72)/2*76/(-57). What is the greatest common factor of 528 and x?
48
Let g = 4 + 42. Suppose 20*r - 22*r + 31 = -5*n, 0 = -r + 4*n + 11. Calculate the highest common factor of g and r.
23
Suppose -4*c + 6 = -6. Suppose c*l = 2 + 31. Calculate the highest common divisor of 77 and l.
11
Let b(n) = 5*n**2 + 71*n - 4. Let w be b(-15). Calculate the highest common divisor of 24 and w.
8
Suppose 5*i = 4*n - 2*n + 686, -i + 2*n + 134 = 0. Calculate the greatest common divisor of i and 6.
6
Let p(a) = 2*a**2 + 13*a - 29. Let m be p(10). Let r = m + -156. Calculate the greatest common factor of r and 29.
29
Suppose -5 = -4*s - 1. Let v(u) = -9*u - 116. Let a be v(-13). What is the greatest common factor of a and s?
1
Suppose -2*c = -0*c + 3*z + 340, 0 = 4*c - 3*z + 716. Let y be 959/8 - 22/c. Calculate the greatest common factor of y and 12.
12
Let p be (132/(-22))/((-6)/128). What is the greatest common factor of 16 and p?
16
Let w(i) = 4*i - 2. Let t(v) = -3*v + 1. Let g(m) = -5*t(m) - 4*w(m). Let k be g(-4). Calculate the highest common divisor of 77 and k.
7
Suppose 4*s - s = 3*j + 12, -5*s + 18 = -4*j. Let r = 16 - 8. Calculate the highest common divisor of s and r.
2
Let y(f) = -23*f + 1. Let o be y(-1). Let b = o + -19. Let r be ((-10)/(-8))/((-6)/(-168)). Calculate the greatest common factor of b and r.
5
Let b be 806/6 - 8/(-12). Let s(y) = 12*y + 8. Let m(i) = -4*i - 3. Let o(u) = 14*m(u) + 5*s(u). Let c be o(14). What is the greatest common divisor of c and b?
27
Suppose 2*t = 2*h, -4*h - 8 = -3*t - 5*h. Let o be 5*(24/t - 1). Let k = 124 - 113. What is the greatest common factor of o and k?
11
Let r be 1*-115*-3*2/15. Calculate the highest common factor of 621 and r.
23
Suppose 0 = -3*l + 27 + 525. Let q be (23/(-2))/((-6)/12). Suppose 3*k - q - 46 = 0. What is the highest common factor of l and k?
23
Let t = 590 + -462. Calculate the highest common factor of 80 and t.
16
Let p(k) = -7 + 8 - 9 + 2*k. Let l be p(7). Calculate the highest common divisor of 3 and l.
3
Let c be (-450)/10*(-12)/5. Let q(j) = 21*j + 1. Let x be q(-1). Let l = c - x. Calculate the greatest common divisor of 16 and l.
16
Let h = -178 + 196. What is the greatest common factor of h and 81?
9
Let o be 1/8 - ((-94545)/88)/5. What is the highest common divisor of o and 129?
43
Let m = -1266 + 1779. What is the greatest common factor of m and 27?
27
Let t(x) = 12*x + 3. Let a be t(4). Suppose 300 = 14*z - 176. Calculate the highest common factor of a and z.
17
Let f be ((-8)/1)/(3/(-6)). Suppose -4*p + f = -44. Let s be (10/4)/(1/6). Calculate the highest common divisor of p and s.
15
Let a = 2723 - 2703. What is the highest common divisor of a and 332?
4
Suppose -5*n - 280 = -12*n. What is the greatest common divisor of 96 and n?
8
Let x = 41 + 87. Let q be 2/10*12*260/78. What is the highest common factor of x and q?
8
Suppose 0 = -6*j + j - 95. Let d = 35 - j. Let z(h) = -h**3 - 2*h**2 - h. Let i be z(-4). What is the highest common divisor of i and d?
18
Let u be (3 - 99/(-6))/(27/72). What is the highest common factor of 65 and u?
13
Let r = 87 - 73. Suppose 5*c - 2 = 3, 3*w = 2*c - 38. Let x = r + w. Calculate the greatest common divisor of 14 and x.
2
Let i(n) = -3*n**2 + 16*n + 10. Let c be i(7). Let o be (c + 2 + -2)/((-1)/2). What is the greatest common divisor of o and 25?
25
Let k be 9/(-5*1/(-5)). Let b = -1 + k. What is the highest common divisor of 12 and b?
4
Let u be (8/(-10))/((-2)/60). Let l(t) = -t**3 - t**2 + 2*t + 36. Let g = -14 - -14. Let f be l(g). What is the highest common factor of f and u?
12
Let n(f) = -5*f + 3. Let m be n(-3). Let j(x) = -x + 32. Let v be j(8). Let z be 45/18*v/5. Calculate the highest common divisor of z and m.
6
Let d(o) = o**2 + 5*o + 8. Let x be d(-5). Suppose 172 = 4*w - 3*h + 38, 0 = -5*w + 3*h + 166. What is the highest common factor of x and w?
8
Suppose -2*i = -1 - 5. Suppose c = -3*b + 41 + 1, i*b = -4*c + 42. What is the greatest common divisor of b and 7?
7
Let 